[INFO] cloning repository https://github.com/you06/client-rust-test
[INFO] running `Command { std: "git" "-c" "credential.helper=" "-c" "credential.helper=/workspace/cargo-home/bin/git-credential-null" "clone" "--bare" "https://github.com/you06/client-rust-test" "/workspace/cache/git-repos/https%3A%2F%2Fgithub.com%2Fyou06%2Fclient-rust-test", kill_on_drop: false }`
[INFO] [stderr] Cloning into bare repository '/workspace/cache/git-repos/https%3A%2F%2Fgithub.com%2Fyou06%2Fclient-rust-test'...
[INFO] running `Command { std: "git" "rev-parse" "HEAD", kill_on_drop: false }`
[INFO] [stdout] e95573f5bf5f0c6a44b353290b4c73707f24fa86
[INFO] checking you06/client-rust-test against master#cfbc6d4cf1acbac5c025acf8ed68929caa551df3 for pr-75494-beta
[INFO] running `Command { std: "git" "clone" "/workspace/cache/git-repos/https%3A%2F%2Fgithub.com%2Fyou06%2Fclient-rust-test" "/workspace/builds/worker-4/source", kill_on_drop: false }`
[INFO] [stderr] Cloning into '/workspace/builds/worker-4/source'...
[INFO] [stderr] done.
[INFO] validating manifest of git repo https://github.com/you06/client-rust-test on toolchain cfbc6d4cf1acbac5c025acf8ed68929caa551df3
[INFO] running `Command { std: "/workspace/cargo-home/bin/cargo" "+cfbc6d4cf1acbac5c025acf8ed68929caa551df3" "read-manifest" "--manifest-path" "Cargo.toml", kill_on_drop: false }`
[INFO] started tweaking git repo https://github.com/you06/client-rust-test
[INFO] removed path dependency tikv-client from git repo https://github.com/you06/client-rust-test
[INFO] finished tweaking git repo https://github.com/you06/client-rust-test
[INFO] tweaked toml for git repo https://github.com/you06/client-rust-test written to /workspace/builds/worker-4/source/Cargo.toml
[INFO] crate git repo https://github.com/you06/client-rust-test already has a lockfile, it will not be regenerated
[INFO] running `Command { std: "/workspace/cargo-home/bin/cargo" "+cfbc6d4cf1acbac5c025acf8ed68929caa551df3" "fetch" "--locked" "--manifest-path" "Cargo.toml", kill_on_drop: false }`
[INFO] [stderr] warning: dependency (tikv-client) specified without providing a local path, Git repository, or version to use. This will be considered an error in future versions
[INFO] [stderr]     Updating git repository `https://github.com/tikv/raft-rs`
[INFO] [stderr]     Updating crates.io index
[INFO] [stderr] error: the lock file /workspace/builds/worker-4/source/Cargo.lock needs to be updated but --locked was passed to prevent this
[INFO] [stderr] If you want to try to generate the lock file without accessing the network, use the --offline flag.
[INFO] the lockfile is outdated, regenerating it
[INFO] running `Command { std: "/workspace/cargo-home/bin/cargo" "+cfbc6d4cf1acbac5c025acf8ed68929caa551df3" "generate-lockfile" "--manifest-path" "Cargo.toml" "-Zno-index-update", kill_on_drop: false }`
[INFO] [stderr]     Updating git repository `https://github.com/tikv/raft-rs`
[INFO] [stderr]     Updating git repository `https://github.com/pingcap/kvproto.git`
[INFO] running `Command { std: "/workspace/cargo-home/bin/cargo" "+cfbc6d4cf1acbac5c025acf8ed68929caa551df3" "fetch" "--locked" "--manifest-path" "Cargo.toml", kill_on_drop: false }`
[INFO] [stderr] warning: dependency (tikv-client) specified without providing a local path, Git repository, or version to use. This will be considered an error in future versions
[INFO] [stderr]  Downloading crates ...
[INFO] [stderr]   Downloaded prost-types v0.6.1
[INFO] [stderr]   Downloaded prost v0.6.1
[INFO] [stderr]   Downloaded fixedbitset v0.2.0
[INFO] [stderr]   Downloaded runtime-attributes v0.3.0-alpha.6
[INFO] [stderr]   Downloaded grpcio-compiler v0.5.0
[INFO] [stderr]   Downloaded tikv-client v0.0.0
[INFO] [stderr]   Downloaded runtime v0.3.0-alpha.8
[INFO] [stderr]   Downloaded runtime-raw v0.3.0-alpha.5
[INFO] [stderr]   Downloaded prost-derive v0.6.1
[INFO] [stderr]   Downloaded protobuf v2.8.0
[INFO] [stderr]   Downloaded prost-build v0.6.1
[INFO] [stderr]   Downloaded runtime-tokio v0.3.0-alpha.6
[INFO] [stderr]   Downloaded grpcio v0.5.4
[INFO] [stderr]   Downloaded petgraph v0.5.1
[INFO] [stderr]   Downloaded multimap v0.8.1
[INFO] [stderr]   Downloaded protobuf-build v0.11.3
[INFO] [stderr]   Downloaded grpcio-sys v0.5.4
[INFO] running `Command { std: "docker" "create" "-v" "/var/lib/crater-agent-workspace/builds/worker-4/target:/opt/rustwide/target:rw,Z" "-v" "/var/lib/crater-agent-workspace/builds/worker-4/source:/opt/rustwide/workdir:ro,Z" "-v" "/var/lib/crater-agent-workspace/cargo-home:/opt/rustwide/cargo-home:ro,Z" "-v" "/var/lib/crater-agent-workspace/rustup-home:/opt/rustwide/rustup-home:ro,Z" "-e" "SOURCE_DIR=/opt/rustwide/workdir" "-e" "CARGO_TARGET_DIR=/opt/rustwide/target" "-e" "CARGO_HOME=/opt/rustwide/cargo-home" "-e" "RUSTUP_HOME=/opt/rustwide/rustup-home" "-w" "/opt/rustwide/workdir" "-m" "1610612736" "--user" "0:0" "--network" "none" "rustops/crates-build-env@sha256:a636fd89d022f18117e1dc8fb37a0a009933cdbbe082814857f0e2024962d47c" "/opt/rustwide/cargo-home/bin/cargo" "+cfbc6d4cf1acbac5c025acf8ed68929caa551df3" "metadata" "--no-deps" "--format-version=1", kill_on_drop: false }`
[INFO] [stdout] 1a99d8ebcbff05ab63668c3467c568f3a559a1cc8b1f2d3d66f078531b9b0621
[INFO] [stderr] WARNING: Your kernel does not support swap limit capabilities or the cgroup is not mounted. Memory limited without swap.
[INFO] running `Command { std: "docker" "start" "-a" "1a99d8ebcbff05ab63668c3467c568f3a559a1cc8b1f2d3d66f078531b9b0621", kill_on_drop: false }`
[INFO] running `Command { std: "docker" "inspect" "1a99d8ebcbff05ab63668c3467c568f3a559a1cc8b1f2d3d66f078531b9b0621", kill_on_drop: false }`
[INFO] running `Command { std: "docker" "rm" "-f" "1a99d8ebcbff05ab63668c3467c568f3a559a1cc8b1f2d3d66f078531b9b0621", kill_on_drop: false }`
[INFO] [stdout] 1a99d8ebcbff05ab63668c3467c568f3a559a1cc8b1f2d3d66f078531b9b0621
[INFO] running `Command { std: "docker" "create" "-v" "/var/lib/crater-agent-workspace/builds/worker-4/target:/opt/rustwide/target:rw,Z" "-v" "/var/lib/crater-agent-workspace/builds/worker-4/source:/opt/rustwide/workdir:ro,Z" "-v" "/var/lib/crater-agent-workspace/cargo-home:/opt/rustwide/cargo-home:ro,Z" "-v" "/var/lib/crater-agent-workspace/rustup-home:/opt/rustwide/rustup-home:ro,Z" "-e" "SOURCE_DIR=/opt/rustwide/workdir" "-e" "CARGO_TARGET_DIR=/opt/rustwide/target" "-e" "CARGO_INCREMENTAL=0" "-e" "RUST_BACKTRACE=full" "-e" "RUSTFLAGS=--cap-lints=forbid" "-e" "CARGO_HOME=/opt/rustwide/cargo-home" "-e" "RUSTUP_HOME=/opt/rustwide/rustup-home" "-w" "/opt/rustwide/workdir" "-m" "1610612736" "--user" "0:0" "--network" "none" "rustops/crates-build-env@sha256:a636fd89d022f18117e1dc8fb37a0a009933cdbbe082814857f0e2024962d47c" "/opt/rustwide/cargo-home/bin/cargo" "+cfbc6d4cf1acbac5c025acf8ed68929caa551df3" "check" "--frozen" "--all" "--all-targets" "--message-format=json", kill_on_drop: false }`
[INFO] [stdout] 3ea6b3825d0ef6e041681168f812ff84c990abff056bb7850dd53aca493615a1
[INFO] [stderr] WARNING: Your kernel does not support swap limit capabilities or the cgroup is not mounted. Memory limited without swap.
[INFO] running `Command { std: "docker" "start" "-a" "3ea6b3825d0ef6e041681168f812ff84c990abff056bb7850dd53aca493615a1", kill_on_drop: false }`
[INFO] [stderr] warning: dependency (tikv-client) specified without providing a local path, Git repository, or version to use. This will be considered an error in future versions
[INFO] [stderr]     Checking cfg-if v0.1.10
[INFO] [stderr]    Compiling proc-macro2 v1.0.19
[INFO] [stderr]    Compiling unicode-xid v0.2.1
[INFO] [stderr]    Compiling syn v1.0.39
[INFO] [stderr]    Compiling memchr v2.3.3
[INFO] [stderr]     Checking lazy_static v1.4.0
[INFO] [stderr]    Compiling byteorder v1.3.4
[INFO] [stderr]    Compiling anyhow v1.0.32
[INFO] [stderr]    Compiling bitflags v1.2.1
[INFO] [stderr]    Compiling maybe-uninit v2.0.0
[INFO] [stderr]     Checking slab v0.4.2
[INFO] [stderr]    Compiling getrandom v0.1.14
[INFO] [stderr]    Compiling either v1.6.0
[INFO] [stderr]    Compiling semver-parser v0.7.0
[INFO] [stderr]     Checking scopeguard v1.1.0
[INFO] [stderr]    Compiling bytes v0.5.6
[INFO] [stderr]    Compiling version_check v0.1.5
[INFO] [stderr]    Compiling remove_dir_all v0.5.3
[INFO] [stderr]    Compiling fixedbitset v0.2.0
[INFO] [stderr]    Compiling unicode-segmentation v1.6.0
[INFO] [stderr]    Compiling multimap v0.8.1
[INFO] [stderr]     Checking futures-core-preview v0.3.0-alpha.19
[INFO] [stderr]    Compiling regex-syntax v0.6.18
[INFO] [stderr]     Checking fnv v1.0.7
[INFO] [stderr]    Compiling bindgen v0.51.1
[INFO] [stderr]     Checking futures-sink-preview v0.3.0-alpha.19
[INFO] [stderr]    Compiling same-file v1.0.6
[INFO] [stderr]     Checking futures-io-preview v0.3.0-alpha.19
[INFO] [stderr]     Checking pin-utils v0.1.0
[INFO] [stderr]    Compiling protobuf v2.8.0
[INFO] [stderr]     Checking tikv-client v0.0.0
[INFO] [stderr]    Compiling crossbeam-utils v0.7.2
[INFO] [stderr]    Compiling hashbrown v0.8.2
[INFO] [stderr]    Compiling indexmap v1.5.1
[INFO] [stderr]    Compiling memoffset v0.5.5
[INFO] [stderr]    Compiling crossbeam-epoch v0.8.2
[INFO] [stderr]    Compiling libloading v0.5.2
[INFO] [stderr]    Compiling cmake v0.1.44
[INFO] [stderr]     Checking lock_api v0.3.4
[INFO] [stderr]    Compiling clang-sys v0.28.1
[INFO] [stderr]    Compiling itertools v0.8.2
[INFO] [stderr]    Compiling thread_local v1.0.1
[INFO] [stderr]    Compiling libz-sys v1.1.0
[INFO] [stderr]    Compiling semver v0.9.0
[INFO] [stderr]     Checking tokio-sync v0.1.8
[INFO] [stderr]    Compiling walkdir v2.3.1
[INFO] [stderr]     Checking futures-channel-preview v0.3.0-alpha.19
[INFO] [stderr]     Checking log v0.4.11
[INFO] [stderr]    Compiling heck v0.3.1
[INFO] [stderr]    Compiling nom v4.2.3
[INFO] [stderr]     Checking net2 v0.2.34
[INFO] [stderr]    Compiling which v3.1.1
[INFO] [stderr]    Compiling rustc_version v0.2.3
[INFO] [stderr]     Checking smallvec v0.6.13
[INFO] [stderr]     Checking clap v2.33.3
[INFO] [stderr]    Compiling rand_core v0.5.1
[INFO] [stderr]    Compiling aho-corasick v0.7.13
[INFO] [stderr]     Checking mio v0.6.22
[INFO] [stderr]    Compiling prost-build v0.6.1
[INFO] [stderr]     Checking bytes v0.4.12
[INFO] [stderr]     Checking tokio-executor v0.1.10
[INFO] [stderr]     Checking crossbeam-queue v0.2.3
[INFO] [stderr]    Compiling parking_lot_core v0.6.2
[INFO] [stderr]    Compiling parking_lot v0.9.0
[INFO] [stderr]    Compiling quote v1.0.7
[INFO] [stderr]    Compiling rand_chacha v0.2.2
[INFO] [stderr]     Checking tokio-current-thread v0.1.7
[INFO] [stderr]     Checking tokio-timer v0.2.13
[INFO] [stderr]     Checking tokio-io v0.1.13
[INFO] [stderr]     Checking crossbeam-deque v0.7.3
[INFO] [stderr]     Checking mio-uds v0.6.8
[INFO] [stderr]    Compiling rand v0.7.3
[INFO] [stderr]     Checking tokio-threadpool v0.1.18
[INFO] [stderr]    Compiling petgraph v0.5.1
[INFO] [stderr]    Compiling cexpr v0.3.6
[INFO] [stderr]     Checking futures-util-preview v0.3.0-alpha.19
[INFO] [stderr]     Checking tokio-codec v0.1.2
[INFO] [stderr]     Checking tokio-reactor v0.1.12
[INFO] [stderr]     Checking tokio-fs v0.1.7
[INFO] [stderr]    Compiling regex v1.3.9
[INFO] [stderr]     Checking tokio-tcp v0.1.4
[INFO] [stderr]     Checking tokio-udp v0.1.6
[INFO] [stderr]     Checking tokio-uds v0.2.7
[INFO] [stderr]    Compiling tempfile v3.1.0
[INFO] [stderr]     Checking tokio v0.1.22
[INFO] [stderr]     Checking futures-executor-preview v0.3.0-alpha.19
[INFO] [stderr]     Checking futures-preview v0.3.0-alpha.19
[INFO] [stderr]     Checking runtime-raw v0.3.0-alpha.5
[INFO] [stderr]     Checking runtime-tokio v0.3.0-alpha.6
[INFO] [stderr]    Compiling prost-derive v0.6.1
[INFO] [stderr]    Compiling derive-new v0.5.8
[INFO] [stderr]    Compiling pin-project-internal v0.4.23
[INFO] [stderr]    Compiling runtime-attributes v0.3.0-alpha.6
[INFO] [stderr]    Compiling grpcio-sys v0.5.4
[INFO] [stderr]     Checking pin-project v0.4.23
[INFO] [stderr]     Checking runtime v0.3.0-alpha.8
[INFO] [stderr]    Compiling prost v0.6.1
[INFO] [stderr]    Compiling prost-types v0.6.1
[INFO] [stderr]    Compiling grpcio-compiler v0.5.0
[INFO] [stderr]    Compiling protobuf-build v0.11.3
[INFO] [stderr]    Compiling raft-proto v0.6.0-alpha (https://github.com/tikv/raft-rs?rev=e624c1d48460940a40d8aa69b5329460d9af87dd#e624c1d4)
[INFO] [stderr]    Compiling kvproto v0.0.2 (https://github.com/pingcap/kvproto.git#7771f65e)
[INFO] [stderr]     Checking grpcio v0.5.4
[INFO] [stderr]     Checking client-rust-test v0.1.0 (/opt/rustwide/workdir)
[INFO] [stdout] error[E0432]: unresolved imports `tikv_client::Config`, `tikv_client::Key`, `tikv_client::KvPair`, `tikv_client::RawClient`, `tikv_client::Result`, `tikv_client::ToOwnedRange`, `tikv_client::Value`
[INFO] [stdout]  --> src/main.rs:8:19
[INFO] [stdout]   |
[INFO] [stdout] 8 | use tikv_client::{Config, Key, KvPair, RawClient as Client, Result, ToOwnedRange, Value};
[INFO] [stdout]   |                   ^^^^^^  ^^^  ^^^^^^  ^^^^^^^^^^^^^^^^^^^  ^^^^^^  ^^^^^^^^^^^^  ^^^^^ no `Value` in the root
[INFO] [stdout]   |                   |       |    |       |                    |       |
[INFO] [stdout]   |                   |       |    |       |                    |       no `ToOwnedRange` in the root
[INFO] [stdout]   |                   |       |    |       |                    no `Result` in the root
[INFO] [stdout]   |                   |       |    |       no `RawClient` in the root
[INFO] [stdout]   |                   |       |    no `KvPair` in the root
[INFO] [stdout]   |                   |       no `Key` in the root
[INFO] [stdout]   |                   no `Config` in the root
[INFO] [stdout] 
[INFO] [stdout] 
[INFO] [stdout] error[E0432]: unresolved imports `tikv_client::Config`, `tikv_client::Key`, `tikv_client::KvPair`, `tikv_client::RawClient`, `tikv_client::Result`, `tikv_client::ToOwnedRange`, `tikv_client::Value`
[INFO] [stdout]  --> src/main.rs:8:19
[INFO] [stdout]   |
[INFO] [stdout] 8 | use tikv_client::{Config, Key, KvPair, RawClient as Client, Result, ToOwnedRange, Value};
[INFO] [stdout]   |                   ^^^^^^  ^^^  ^^^^^^  ^^^^^^^^^^^^^^^^^^^  ^^^^^^  ^^^^^^^^^^^^  ^^^^^ no `Value` in the root
[INFO] [stdout]   |                   |       |    |       |                    |       |
[INFO] [stdout]   |                   |       |    |       |                    |       no `ToOwnedRange` in the root
[INFO] [stdout]   |                   |       |    |       |                    no `Result` in the root
[INFO] [stdout]   |                   |       |    |       no `RawClient` in the root
[INFO] [stdout]   |                   |       |    no `KvPair` in the root
[INFO] [stdout]   |                   |       no `Key` in the root
[INFO] [stdout]   |                   no `Config` in the root
[INFO] [stdout] 
[INFO] [stdout] 
[INFO] [stdout] error[E0698]: type inside `async fn` body must be known in this context
[INFO] [stdout]   --> src/main.rs:90:41
[INFO] [stdout]    |
[INFO] [stdout] 90 |         .scan((start..=end).to_owned(), 10)
[INFO] [stdout]    |                                         ^^ cannot infer type for type `{integer}`
[INFO] [stdout]    |
[INFO] [stdout] note: the type is part of the `async fn` body because of this `await`
[INFO] [stdout]   --> src/main.rs:88:17
[INFO] [stdout]    |
[INFO] [stdout] 88 |       let pairs = client
[INFO] [stdout]    |  _________________^
[INFO] [stdout] 89 | |         .with_key_only(true)
[INFO] [stdout] 90 | |         .scan((start..=end).to_owned(), 10)
[INFO] [stdout] 91 | |         .await
[INFO] [stdout]    | |______________^
[INFO] [stdout] 
[INFO] [stdout] 
[INFO] [stdout] error[E0698]: type inside `async fn` body must be known in this context
[INFO] [stdout]    --> src/main.rs:110:49
[INFO] [stdout]     |
[INFO] [stdout] 110 |         .batch_scan(batch_scan_keys.to_owned(), 10)
[INFO] [stdout]     |                                                 ^^ cannot infer type for type `{integer}`
[INFO] [stdout]     |
[INFO] [stdout] note: the type is part of the `async fn` body because of this `await`
[INFO] [stdout]    --> src/main.rs:109:20
[INFO] [stdout]     |
[INFO] [stdout] 109 |       let kv_pairs = client
[INFO] [stdout]     |  ____________________^
[INFO] [stdout] 110 | |         .batch_scan(batch_scan_keys.to_owned(), 10)
[INFO] [stdout] 111 | |         .await
[INFO] [stdout]     | |______________^
[INFO] [stdout] 
[INFO] [stdout] 
[INFO] [stdout] error[E0698]: type inside `async fn` body must be known in this context
[INFO] [stdout]   --> src/main.rs:90:41
[INFO] [stdout]    |
[INFO] [stdout] 90 |         .scan((start..=end).to_owned(), 10)
[INFO] [stdout]    |                                         ^^ cannot infer type for type `{integer}`
[INFO] [stdout]    |
[INFO] [stdout] note: the type is part of the `async fn` body because of this `await`
[INFO] [stdout]   --> src/main.rs:88:17
[INFO] [stdout]    |
[INFO] [stdout] 88 |       let pairs = client
[INFO] [stdout]    |  _________________^
[INFO] [stdout] 89 | |         .with_key_only(true)
[INFO] [stdout] 90 | |         .scan((start..=end).to_owned(), 10)
[INFO] [stdout] 91 | |         .await
[INFO] [stdout]    | |______________^
[INFO] [stdout] 
[INFO] [stdout] 
[INFO] [stdout] error[E0698]: type inside `async fn` body must be known in this context
[INFO] [stdout]    --> src/main.rs:110:49
[INFO] [stdout]     |
[INFO] [stdout] 110 |         .batch_scan(batch_scan_keys.to_owned(), 10)
[INFO] [stdout]     |                                                 ^^ cannot infer type for type `{integer}`
[INFO] [stdout]     |
[INFO] [stdout] note: the type is part of the `async fn` body because of this `await`
[INFO] [stdout]    --> src/main.rs:109:20
[INFO] [stdout]     |
[INFO] [stdout] 109 |       let kv_pairs = client
[INFO] [stdout]     |  ____________________^
[INFO] [stdout] 110 | |         .batch_scan(batch_scan_keys.to_owned(), 10)
[INFO] [stdout] 111 | |         .await
[INFO] [stdout]     | |______________^
[INFO] [stdout] 
[INFO] [stdout] 
[INFO] [stdout] error: aborting due to 3 previous errors
[INFO] [stdout] 
[INFO] [stdout] 
[INFO] [stdout] Some errors have detailed explanations: E0432, E0698.
[INFO] [stdout] 
[INFO] [stdout] For more information about an error, try `rustc --explain E0432`.
[INFO] [stdout] 
[INFO] [stderr] error: could not compile `client-rust-test`.
[INFO] [stderr] 
[INFO] [stderr] To learn more, run the command again with --verbose.
[INFO] [stderr] warning: build failed, waiting for other jobs to finish...
[INFO] [stdout] error: aborting due to 3 previous errors
[INFO] [stdout] 
[INFO] [stdout] 
[INFO] [stdout] Some errors have detailed explanations: E0432, E0698.
[INFO] [stdout] 
[INFO] [stdout] For more information about an error, try `rustc --explain E0432`.
[INFO] [stdout] 
[INFO] [stderr] error: build failed
[INFO] running `Command { std: "docker" "inspect" "3ea6b3825d0ef6e041681168f812ff84c990abff056bb7850dd53aca493615a1", kill_on_drop: false }`
[INFO] running `Command { std: "docker" "rm" "-f" "3ea6b3825d0ef6e041681168f812ff84c990abff056bb7850dd53aca493615a1", kill_on_drop: false }`
[INFO] [stdout] 3ea6b3825d0ef6e041681168f812ff84c990abff056bb7850dd53aca493615a1
